{"id":1480,"date":"2024-03-02T21:31:49","date_gmt":"2024-03-02T21:31:49","guid":{"rendered":"https:\/\/innovateculturalhub.com\/?page_id=1480"},"modified":"2025-01-22T23:50:17","modified_gmt":"2025-01-22T23:50:17","slug":"start","status":"publish","type":"page","link":"https:\/\/innovateculturalhub.com\/?page_id=1480","title":{"rendered":"Start"},"content":{"rendered":"\t\t<div data-elementor-type=\"wp-page\" data-elementor-id=\"1480\" class=\"elementor elementor-1480\">\n\t\t\t\t<div class=\"elementor-element elementor-element-22e25e63 e-con-full e-flex e-con e-parent\" data-id=\"22e25e63\" data-element_type=\"container\" data-e-type=\"container\">\n\t\t\t\t<div class=\"elementor-element elementor-element-80db528 elementor-widget__width-initial elementor-widget elementor-widget-text-editor\" data-id=\"80db528\" data-element_type=\"widget\" data-e-type=\"widget\" data-widget_type=\"text-editor.default\">\n\t\t\t\t<div class=\"elementor-widget-container\">\n\t\t\t\t\t\t\t\t\t<p>MISSION<br \/>Ma\u00dfgeschneiderte L\u00f6sungen entwerfen mit einem positiven, nachhaltigen und ethischen Einfluss auf die Gesellschaft und die Umwelt.<\/p><p>VISION<br \/>Ein vertrauensw\u00fcrdiger langfristiger Partner sein.<\/p><p>ZWECK<br \/>Adaptive und resiliente Systeme schaffen, die bedeutungsvolle Verbindungen erm\u00f6glichen und inklusive Chancen f\u00f6rdern.<\/p>\t\t\t\t\t\t\t\t<\/div>\n\t\t\t\t<\/div>\n\t\t\t\t<\/div>\n\t\t\t\t<\/div>\n\t\t","protected":false},"excerpt":{"rendered":"<p>MISSIONMa\u00dfgeschneiderte L\u00f6sungen entwerfen mit einem positiven, nachhaltigen und ethischen Einfluss auf die Gesellschaft und die Umwelt. VISIONEin vertrauensw\u00fcrdiger langfristiger Partner sein. ZWECKAdaptive und resiliente Systeme schaffen, die bedeutungsvolle Verbindungen erm\u00f6glichen und inklusive Chancen f\u00f6rdern.<\/p>\n","protected":false},"author":1,"featured_media":0,"parent":0,"menu_order":0,"comment_status":"closed","ping_status":"closed","template":"","meta":{"footnotes":""},"class_list":["post-1480","page","type-page","status-publish","hentry"],"_links":{"self":[{"href":"https:\/\/innovateculturalhub.com\/index.php?rest_route=\/wp\/v2\/pages\/1480","targetHints":{"allow":["GET"]}}],"collection":[{"href":"https:\/\/innovateculturalhub.com\/index.php?rest_route=\/wp\/v2\/pages"}],"about":[{"href":"https:\/\/innovateculturalhub.com\/index.php?rest_route=\/wp\/v2\/types\/page"}],"author":[{"embeddable":true,"href":"https:\/\/innovateculturalhub.com\/index.php?rest_route=\/wp\/v2\/users\/1"}],"replies":[{"embeddable":true,"href":"https:\/\/innovateculturalhub.com\/index.php?rest_route=%2Fwp%2Fv2%2Fcomments&post=1480"}],"version-history":[{"count":77,"href":"https:\/\/innovateculturalhub.com\/index.php?rest_route=\/wp\/v2\/pages\/1480\/revisions"}],"predecessor-version":[{"id":4372,"href":"https:\/\/innovateculturalhub.com\/index.php?rest_route=\/wp\/v2\/pages\/1480\/revisions\/4372"}],"wp:attachment":[{"href":"https:\/\/innovateculturalhub.com\/index.php?rest_route=%2Fwp%2Fv2%2Fmedia&parent=1480"}],"curies":[{"name":"wp","href":"https:\/\/api.w.org\/{rel}","templated":true}]}}